{"id":20548,"date":"2020-03-11T08:35:12","date_gmt":"2020-03-11T07:35:12","guid":{"rendered":"https:\/\/www.noworudzianin.pl\/WWW\/?page_id=20548"},"modified":"2020-03-11T08:35:12","modified_gmt":"2020-03-11T07:35:12","slug":"zyd-potega-jest-i-basta","status":"publish","type":"page","link":"https:\/\/www.noworudzianin.pl\/WWW\/felieton\/stanislaw-lukasik\/zyd-potega-jest-i-basta\/","title":{"rendered":"\u017byd pot\u0119g\u0105 jest i basta"},"content":{"rendered":"<p>Tytu\u0142 mo\u017ce nieco frywolny, ale nawi\u0105zuje do bardzo powa\u017cnego dzie\u0142a literackiego i chocia\u017c u Wyspia\u0144skiego powiedzenie \u2013 ch\u0142op pot\u0119g\u0105 jest i basta, jest zwyk\u0142\u0105 przechwa\u0142k\u0105, to u\u017cyte w tytule tej gaw\u0119dy traktuj\u0119 bardzo powa\u017cnie i basta. Wystarczy por\u00f3wna\u0107 powierzchnie, ludno\u015b\u0107 i PKB ca\u0142kowity i na osob\u0119 Polski i Izraela i basta. O sukcesach militarnych najbardziej wojowniczego pa\u0144stwa na \u015bwiecie g\u0142o\u015bno bywa od 1948 roku, a odno\u015bnie pozycji gospodarczej, wystarczy por\u00f3wna\u0107 PKB ca\u0142kowity jak i w przeliczeniu na jednego mieszka\u0144ca. Nale\u017cy jednak pami\u0119ta\u0107, \u017ce \u017bydzi to nie tylko Izrael, ale i najwi\u0119ksze mocarstwo tego \u015bwiata i w tym tkwi ich pot\u0119ga. Przekonali si\u0119 o tym Szwajcarzy pod koniec XX wieku, gdy organizacje \u017cydowskie w Izraelu i USA wyst\u0105pi\u0142y z \u017c\u0105daniem zwrotu kapita\u0142\u00f3w ulokowanych na tzw. martwych kontach w bankach szwajcarskich, a te mia\u0142y nale\u017ce\u0107 do ofiar Holokaustu. \u017bydzi  szacowali zawarto\u015b\u0107 tych kont na ponad 7 mld. dolar\u00f3w. \u015awi\u0119te oburzenie bankier\u00f3w by\u0142o w pe\u0142ni zrozumia\u0142e, wszak nikt nigdy tego od nich nie \u017c\u0105da\u0142, tym bardziej, \u017ce jak sami szacowali, wszystkie kapita\u0142y w bankach w czasie wojny wynosi\u0142y, 5 \u2013 6 mld. Wiekowa tradycja, gwarantowana tajemnica bankowa jako podstawa zaufania itp.  staro\u015bwieckie gadania na nic si\u0119 zda\u0142y, gdy zniecierpliwieni \u017bydzi poprosili o pomoc patrona. Wystarczy\u0142o stanowisko kilku parlament\u00f3w stanowych w USA zapowiadaj\u0105cych bojkot szwajcarskich towar\u00f3w, pozew s\u0105dowy dw\u00f3ch ameryka\u0144skich prawnik\u00f3w, a nade wszystko stanowisko kilku ameryka\u0144skich korporacji zapowiadaj\u0105cych bojkot szwajcarskich produkt\u00f3w i rezygnacje z us\u0142ug genewskich bank\u00f3w, by Szwajcarzy, nie bacz\u0105c na wiekowe tradycje, na tylnych \u0142apkach zanie\u015bli \u017bydom 1,2 mld $ i jeszcze do\u0142o\u017cyli 200 mln na cele charytatywne. Podobny problem mia\u0142y niemieckie firmy, kt\u00f3re podczas wojny korzysta\u0142y z pracy \u017cydowskich wi\u0119\u017ani\u00f3w. W pewnym czasie \u017cydowskie organizacje za\u017c\u0105da\u0142y odszkodowa\u0144 i uzyska\u0142y je tak\u0105 sama metod\u0105 jak\u0105 zastosowa\u0142y wobec szwajcarskich bankier\u00f3w. Ta metoda okaza\u0142a si\u0119 nader skuteczna, wi\u0119c szukamy dalej. \u201eAtak na Szwajcari\u0119 i Niemcy to tylko preludium do wielkiego fina\u0142u: potrz\u0105\u015bni\u0119cia Europ\u0105 Wschodni\u0105\u201d. Wraz z rozpadem bloku sowieckiego otworzy\u0142y si\u0119 bowiem w tym by\u0142ym centrum europejskiego \u017cydostwa kusz\u0105ce perspektywy. Pod \u015bwi\u0119toszkowatym p\u0142aszczykiem troski o \u201eznajduj\u0105ce si\u0119 w potrzebie ofiary holokaustu\u201d, \u201eprzedsi\u0119biorstwo holokaust d\u0105\u017cy do wy\u0142udzenia miliard\u00f3w dolar\u00f3w\u201d, napisa\u0142 Norman Finkelstein, ameryka\u0144ski historyk \u017cydowskiego pochodzenia, nazywaj\u0105c ten proceder \u201eprzedsi\u0119biorstwem Holokaustu\u201d. Wg. Finkelsteina Holokaust sta\u0142 si\u0119 dla Izraela, \u015awiatowego Kongresu \u017byd\u00f3w i innych \u017cydowskich komisji roszczeniowych   narz\u0119dziem do wy\u0142udzania pieni\u0119dzy za cierpienia \u017byd\u00f3w, kt\u00f3re nawiasem m\u00f3wi\u0105c, z rzadka trafiaj\u0105 do ofiar, natomiast obficie zasilaj\u0105 \u017cydowskie organizacje. Po rozpadzie bloku sowieckiego \u017bydzi rozpocz\u0119li rozmowy z polskimi rz\u0105dami, jednak bez  oczekiwanych  rezultat\u00f3w. Je\u017celi rozmowy dwustronne nie przynosz\u0105 efekt\u00f3w nale\u017cy si\u0119ga\u0107 po inne \u015brodki. W 2009 roku w Terezinie (niemiecki ob\u00f3z koncentracyjny na terenie Czech), przedstawiciele 46 pa\u0144stw, jednomy\u015blnie przyj\u0119li dokument nazwany, Deklaracj\u0105 terezi\u0144sk\u0105. Deklaracja wzywa kraje, kt\u00f3re j\u0105 przyj\u0119\u0142y, do podj\u0119cia dzia\u0142a\u0144 dotycz\u0105cych identyfikacji, zwrotu lub restytucji aktyw\u00f3w bezprawnie zaj\u0119tych w okresie holocaustu, w tym: zwrotu lub restytucji bezprawnie zaj\u0119tego mienia, w tym mienia religijnego lub komunalnego; zwrotu mienia, bez ustanowionego spadkobiercy, w celu pomocy osobom ocala\u0142ym z holocaustu, kt\u00f3re znajduj\u0105 si\u0119 w potrzebie; dokonania post\u0119pu w zaspokajaniu roszcze\u0144 obywateli, kt\u00f3rzy prze\u017cyli holocaust i cz\u0142onk\u00f3w ich rodzin. Deklaracja wzywa r\u00f3wnie\u017c poszczeg\u00f3lne kraje do rozwi\u0105zania kwestii dzie\u0142 sztuki skonfiskowanych lub zrabowanych przez Nazist\u00f3w; zwrotu d\u00f3br kultury oraz judaik\u00f3w; cdn.  Stanis\u0142aw \u0141ukasik.<br \/>\n<a href=\"http:\/\/www.noworudzianin.pl\/WWW\/wp-content\/uploads\/2017\/02\/Stanis\u0142aw-\u0141ukasik-150x150.jpg\"><img loading=\"lazy\" decoding=\"async\" class=\"alignnone wp-image-2392 size-thumbnail\" src=\"http:\/\/www.noworudzianin.pl\/WWW\/wp-content\/uploads\/2017\/02\/Stanis\u0142aw-\u0141ukasik-150x150.jpg\" width=\"150\" height=\"150\" \/><\/a><\/p>\n<p>POZOSTA\u0141E FELIETONY STANIS\u0141AWA \u0141UKASIKA ><a href=\"https:\/\/www.noworudzianin.pl\/WWW\/felieton\/stanislaw-lukasik\/\" rel=\"noopener noreferrer\" target=\"_blank\">TUTAJ<\/a><\n<\/p>\n","protected":false},"excerpt":{"rendered":"<p>Tytu\u0142 mo\u017ce nieco frywolny, ale nawi\u0105zuje do bardzo powa\u017cnego dzie\u0142a literackiego i chocia\u017c u Wyspia\u0144skiego powiedzenie \u2013 ch\u0142op pot\u0119g\u0105 jest<\/p>\n","protected":false},"author":4,"featured_media":20549,"parent":5309,"menu_order":0,"comment_status":"closed","ping_status":"closed","template":"","meta":{"om_disable_all_campaigns":false,"_monsterinsights_skip_tracking":false,"_monsterinsights_sitenote_active":false,"_monsterinsights_sitenote_note":"","_monsterinsights_sitenote_category":0,"_uf_show_specific_survey":0,"_uf_disable_surveys":false,"footnotes":""},"aioseo_notices":[],"amp_enabled":true,"_links":{"self":[{"href":"https:\/\/www.noworudzianin.pl\/WWW\/wp-json\/wp\/v2\/pages\/20548"}],"collection":[{"href":"https:\/\/www.noworudzianin.pl\/WWW\/wp-json\/wp\/v2\/pages"}],"about":[{"href":"https:\/\/www.noworudzianin.pl\/WWW\/wp-json\/wp\/v2\/types\/page"}],"author":[{"embeddable":true,"href":"https:\/\/www.noworudzianin.pl\/WWW\/wp-json\/wp\/v2\/users\/4"}],"replies":[{"embeddable":true,"href":"https:\/\/www.noworudzianin.pl\/WWW\/wp-json\/wp\/v2\/comments?post=20548"}],"version-history":[{"count":1,"href":"https:\/\/www.noworudzianin.pl\/WWW\/wp-json\/wp\/v2\/pages\/20548\/revisions"}],"predecessor-version":[{"id":20551,"href":"https:\/\/www.noworudzianin.pl\/WWW\/wp-json\/wp\/v2\/pages\/20548\/revisions\/20551"}],"up":[{"embeddable":true,"href":"https:\/\/www.noworudzianin.pl\/WWW\/wp-json\/wp\/v2\/pages\/5309"}],"wp:featuredmedia":[{"embeddable":true,"href":"https:\/\/www.noworudzianin.pl\/WWW\/wp-json\/wp\/v2\/media\/20549"}],"wp:attachment":[{"href":"https:\/\/www.noworudzianin.pl\/WWW\/wp-json\/wp\/v2\/media?parent=20548"}],"curies":[{"name":"wp","href":"https:\/\/api.w.org\/{rel}","templated":true}]}}