{"id":24086,"date":"2021-01-14T18:36:32","date_gmt":"2021-01-14T17:36:32","guid":{"rendered":"https:\/\/www.noworudzianin.pl\/WWW\/?page_id=24086"},"modified":"2021-01-14T18:36:32","modified_gmt":"2021-01-14T17:36:32","slug":"bitwa-warszawska-ostatni-akt-dramatu","status":"publish","type":"page","link":"https:\/\/www.noworudzianin.pl\/WWW\/felieton\/stanislaw-lukasik\/bitwa-warszawska-ostatni-akt-dramatu\/","title":{"rendered":"Bitwa warszawska \u2013 ostatni akt dramatu"},"content":{"rendered":"<p>Rocznica Bitwy Warszawskiej sk\u0142ania do snucia rozwa\u017ca\u0144. \u015awi\u0119to niepodleg\u0142o\u015bci Polski obchodzimy 11 listopada, uznaj\u0105c dzie\u0144 podpisania rozejmu \u2013 ko\u0144cz\u0105cego dzia\u0142ania wojenne na froncie zachodnim \u2013 za g\u0142\u00f3wn\u0105 przes\u0142ank\u0119 umo\u017cliwiaj\u0105c\u0105 odrodzenie pa\u0144stwa polskiego. Zale\u017cno\u015b\u0107 tych zdarze\u0144 nie podlega dyskusji. Nale\u017cy pami\u0119ta\u0107, \u017ce niepodleg\u0142o\u015b\u0107 Polski to nie by\u0142 akt jednorazowy, a raczej wieloaktowy dramat zako\u0144czony w 1923 roku, gdy Rada Ambasador\u00f3w pa\u0144stw sprzymierzonych ostatecznie zatwierdzi\u0142a granice Drugiej Rzeczpospolitej. Preludium tego dramatu stanowi\u0142y dzia\u0142ania polskich organizacji niepodleg\u0142o\u015bciowych w Galicji na pocz\u0105tku XX wieku. Utworzony we Lwowie w 1908 roku z inicjatywy J\u00f3zefa Pi\u0142sudskiego \u2013 Zwi\u0105zek Walki Czynnej, mia\u0142 przygotowa\u0107 kadry kierownicze dla przysz\u0142ego powstania w zaborze rosyjskim. W pierwszej ods\u0142onie dramatu widzimy wymarsz Pierwszej Kompanii Kadrowej z krakowskich Oleandr\u00f3w do Kongres\u00f3wki 6 sierpnia 1914 roku, dla zorganizowania powszechnego powstania przeciwko Moskalom. Akcja zako\u0144czy\u0142a si\u0119 pora\u017ck\u0105. Powstanie nie wybuch\u0142o, wi\u0119c strzelcom pochodz\u0105cym z Galicji grozi\u0142o wcielenie do armii austriackiej, a obywatelom Kongres\u00f3wki internowanie. Ratunek przyszed\u0142 ze strony Naczelnego Komitetu Narodowego (W\u0142adys\u0142aw Sikorski, W\u0142odzimierz Zag\u00f3rski), kt\u00f3ry uzyska\u0142 zgod\u0119 Austrii na utworzenie Legion\u00f3w Polskich. Ods\u0142ona druga, to udzia\u0142 legionist\u00f3w w walkach z armi\u0105 rosyjsk\u0105, gdzie cz\u0119sto dochodzi\u0142o do walk bratob\u00f3jczych, poniewa\u017c w armii carskiej walczy\u0142o ponad milion Polak\u00f3w z zaboru rosyjskiego. W akcie drugim obserwowali\u015bmy zabiegi mocarstw wojuj\u0105cych o pozyskanie polskiego rekruta i zwi\u0105zane z tym obietnice przyznania Polakom prawa do niepodleg\u0142o\u015bci, aczkolwiek niepe\u0142nej. Pozytywnym skutkiem tych obietnic by\u0142o umi\u0119dzynarodowienie sprawy polskiej i wykrystalizowanie si\u0119 postaw polskich oboz\u00f3w politycznych. NKN i komenda legion\u00f3w tworzy\u0142y polski korpus posi\u0142kowy tzw. Polnische Wehrmacht, Narodowa Demokracja z Romanem Dmowskim pok\u0142ada\u0142a nadziej\u0119 w zwyci\u0119skiej Entencie i prezydencie Wilsonie. Po rewolucji w Rosji, J\u00f3zef Pi\u0142sudski odkry\u0142 karty wobec Niemiec i postawi\u0142 jasno spraw\u0119 niepodleg\u0142o\u015bci Polski, co przyp\u0142aci\u0142 uwi\u0119zieniem na 16 miesi\u0119cy. Akt trzeci to prawdziwy cud nad Wis\u0142\u0105, gdy 10 listopada, na dworcu wile\u0144skim wysiad\u0142 z poci\u0105gu cz\u0142owiek w szarym, legionowym mundurze i bez przemocy, ale te\u017c bez wybor\u00f3w zosta\u0142 dyktatorem, kt\u00f3remu podporz\u0105dkowa\u0142y si\u0119 miliony Polak\u00f3w, a w kilka miesi\u0119cy p\u00f3\u017aniej zosta\u0142 jednog\u0142o\u015bnie wybrany przez sejm Naczelnikiem Pa\u0144stwa i Naczelnym Wodzem. \u201eZa jedn\u0105 rzecz ten cz\u0142owiek by\u0142 witany, za jedn\u0105 rzecz, powtarzam m\u00f3g\u0142 on mie\u0107 prawo moralne do zaj\u0119cia tego stanowiska, za to, moi panowie, \u017ce nosi\u0142 ten mundur, za to, \u017ce by\u0142 Komendantem I Brygady\u201d (J. Pi\u0142sudski \u201ePisma\u201d, t. VI). Obozy polityczne w odradzaj\u0105cej si\u0119 Polsce by\u0142y bardzo podzielone, a jednak w obliczu zagra\u017caj\u0105cych niebezpiecze\u0144stw potrafi\u0142y wsp\u00f3lnie walczy\u0107. Na konferencji w Wersalu interes\u00f3w Rzeczpospolitej bronili: Roman Dmowski i premier Ignacy Paderewski, a o granice wschodnie w roku 1919 skutecznie walczy\u0142a m\u0142oda armia polska pod komend\u0105 J\u00f3zefa Pi\u0142sudskiego. Wielkim fina\u0142em by\u0142o zwyci\u0119stwo nad bolszewikami w sierpniu 1920 roku. Bez tego zwyci\u0119stwa czeka\u0142yby Polak\u00f3w d\u0142ugie lata sowieckiej niewoli. W tym miejscu pozwol\u0119 sobie na pewne przypomnienie. W 331 roku p.n.e. Macedo\u0144czycy pod wodz\u0105 Aleksandra Wielkiego rozgromili Pers\u00f3w. W 216 r. p.n.e. Kartagi\u0144czycy pod wodz\u0105 Hannibala pokonali Rzymian pod Kannami, w 1805 roku Francuzi pod dow\u00f3dztwem Napoleona rozbili pod Austerlitz wojska rosyjskie i austriackie, w 1920 roku wojska polskie pod dow\u00f3dztwem J\u00f3zefa Pi\u0142sudskiego rozgromi\u0142y Armi\u0119 Czerwon\u0105 w bitwie nad Wis\u0142\u0105. Przypomnienia te dedykuj\u0119 wszystkim odbr\u0105zawiaczom J\u00f3zefa Pi\u0142sudskiego, neguj\u0105cym rol\u0119 Marsza\u0142ka w zwyci\u0119skiej bitwie nad Wis\u0142\u0105.<\/p>\n<p style=\"text-align: right;\"><strong><em>Stanis\u0142aw \u0141ukasik<\/em><\/strong><\/p>\n<p style=\"text-align: left;\"><a href=\"http:\/\/www.noworudzianin.pl\/WWW\/wp-content\/uploads\/2017\/02\/Stanis\u0142aw-\u0141ukasik-150x150.jpg\"><img loading=\"lazy\" decoding=\"async\" class=\"alignnone wp-image-2392 size-thumbnail\" src=\"http:\/\/www.noworudzianin.pl\/WWW\/wp-content\/uploads\/2017\/02\/Stanis\u0142aw-\u0141ukasik-150x150.jpg\" width=\"150\" height=\"150\" \/><\/a><\/p>\n<p><strong>Pozosta\u0142e felietony Stanis\u0142awa \u0141ukasika<\/strong> &gt;<a href=\"https:\/\/www.noworudzianin.pl\/WWW\/felieton\/stanislaw-lukasik\/\" target=\"_blank\" rel=\"noopener noreferrer\"><strong>TUTAJ<\/strong><\/a>&lt;<\/p>\n","protected":false},"excerpt":{"rendered":"<p>Rocznica Bitwy Warszawskiej sk\u0142ania do snucia rozwa\u017ca\u0144. \u015awi\u0119to niepodleg\u0142o\u015bci Polski obchodzimy 11 listopada, uznaj\u0105c dzie\u0144 podpisania rozejmu \u2013 ko\u0144cz\u0105cego dzia\u0142ania<\/p>\n","protected":false},"author":6,"featured_media":0,"parent":5309,"menu_order":0,"comment_status":"closed","ping_status":"closed","template":"","meta":{"om_disable_all_campaigns":false,"_monsterinsights_skip_tracking":false,"_monsterinsights_sitenote_active":false,"_monsterinsights_sitenote_note":"","_monsterinsights_sitenote_category":0,"_uf_show_specific_survey":0,"_uf_disable_surveys":false,"footnotes":""},"aioseo_notices":[],"amp_enabled":true,"_links":{"self":[{"href":"https:\/\/www.noworudzianin.pl\/WWW\/wp-json\/wp\/v2\/pages\/24086"}],"collection":[{"href":"https:\/\/www.noworudzianin.pl\/WWW\/wp-json\/wp\/v2\/pages"}],"about":[{"href":"https:\/\/www.noworudzianin.pl\/WWW\/wp-json\/wp\/v2\/types\/page"}],"author":[{"embeddable":true,"href":"https:\/\/www.noworudzianin.pl\/WWW\/wp-json\/wp\/v2\/users\/6"}],"replies":[{"embeddable":true,"href":"https:\/\/www.noworudzianin.pl\/WWW\/wp-json\/wp\/v2\/comments?post=24086"}],"version-history":[{"count":1,"href":"https:\/\/www.noworudzianin.pl\/WWW\/wp-json\/wp\/v2\/pages\/24086\/revisions"}],"predecessor-version":[{"id":24087,"href":"https:\/\/www.noworudzianin.pl\/WWW\/wp-json\/wp\/v2\/pages\/24086\/revisions\/24087"}],"up":[{"embeddable":true,"href":"https:\/\/www.noworudzianin.pl\/WWW\/wp-json\/wp\/v2\/pages\/5309"}],"wp:attachment":[{"href":"https:\/\/www.noworudzianin.pl\/WWW\/wp-json\/wp\/v2\/media?parent=24086"}],"curies":[{"name":"wp","href":"https:\/\/api.w.org\/{rel}","templated":true}]}}