{"id":28542,"date":"2025-05-20T12:22:00","date_gmt":"2025-05-20T10:22:00","guid":{"rendered":"https:\/\/www.noworudzianin.pl\/WWW\/?page_id=28542"},"modified":"2025-05-20T12:24:02","modified_gmt":"2025-05-20T10:24:02","slug":"znani-z-nowej-rudy","status":"publish","type":"page","link":"https:\/\/www.noworudzianin.pl\/WWW\/znani-z-nowej-rudy\/","title":{"rendered":"ZNANI"},"content":{"rendered":"<p>\ud83c\udfad Kultura i sztuka<br \/>\n<strong>Olga Tokarczuk<\/strong> \u2013 laureatka Nagrody Nobla w dziedzinie literatury (2018), autorka takich dzie\u0142 jak &#8222;Dom dzienny, dom nocny&#8221;, kt\u00f3ra cz\u0119\u015bciowo osadzona jest w realiach Nowej Rudy.<\/p>\n<p><strong>Edyta Geppert<\/strong> \u2013 wybitna piosenkarka, urodzona w Nowej Rudzie w 1953 roku. Zanim rozpocz\u0119\u0142a nauk\u0119 w Pa\u0144stwowej \u015aredniej Szkole Muzycznej im. F. Chopina w Warszawie, przez kilka lat wyst\u0119powa\u0142a w Zespole Pie\u015bni i Ta\u0144ca \u201eNowa Ruda\u201d. Jest jedyn\u0105 polsk\u0105 artystk\u0105, kt\u00f3ra czterokrotnie zdoby\u0142a Grand Prix na Festiwalu Polskiej Piosenki w Opolu. <\/p>\n<p><strong>Robert Wi\u0119ckiewicz<\/strong> \u2013 ceniony aktor filmowy i teatralny, znany z r\u00f3l w takich filmach jak &#8222;W ciemno\u015bci&#8221; czy &#8222;Pod Mocnym Anio\u0142em&#8221;.<\/p>\n<p><strong>Krzysztof Tyniec<\/strong> \u2013 aktor teatralny i filmowy, znany r\u00f3wnie\u017c jako prezenter telewizyjny.<br \/>\nBusiness Insider Polska<\/p>\n<p><strong>Zbigniew Leraczyk<\/strong> \u2013 aktor teatralny i filmowy, urodzony w Nowej Rudzie.<br \/>\num.nowaruda.pl<\/p>\n<p><strong>Jaga Hupa\u0142o<\/strong> \u2013 znana stylistka fryzur, urodzona w Nowej Rudzie.<\/p>\n<p>\ud83c\udfc5 Sport<br \/>\n<strong>Dorota Nowak-Idzi<\/strong> \u2013 mistrzyni \u015bwiata w pi\u0119cioboju nowoczesnym, reprezentantka Polski na igrzyskach olimpijskich.<\/p>\n<p><strong>Bart\u0142omiej Tabin<\/strong> \u2013 zaj\u0105\u0142 drugie miejsce w Rajdzie Dakar, reprezentuj\u0105c Now\u0105 Rud\u0119 w mi\u0119dzynarodowych zawodach sportowych. <\/p>\n<p>\ud83d\udd8b\ufe0f Nauka i literatura<br \/>\n<strong>Joseph Wittig<\/strong> \u2013 niemiecki teolog i pisarz, urodzony w Nowej Rudzie.<br \/>\nnoworudzianin.pl<\/p>\n<p><strong>Franz Eckert<\/strong> \u2013 kompozytor, autor hymn\u00f3w narodowych Japonii i Korei, urodzony w Nowej Rudzie.<\/p>\n<p><strong>Karol Maliszewski<\/strong> \u2013 poeta, prozaik, krytyk literacki, zwi\u0105zany z Now\u0105 Rud\u0105.<\/p>\n<p><strong>Marek Cybulski<\/strong> \u2013 badacz lokalnej historii, autor ksi\u0105\u017cek o tajemnicach i historii Nowej Rudy. <\/p>\n<p>\ud83c\udfdb\ufe0f Polityka i spo\u0142ecze\u0144stwo<br \/>\n<strong>Monika Wielichowska<\/strong> \u2013 pos\u0142anka na Sejm RP, wicemarsza\u0142ek sejmu RP, reprezentuj\u0105ca region Nowej Rudy.<\/p>\n<p>Nowa Ruda, mimo swojego niewielkiego rozmiaru, ma bogat\u0105 histori\u0119 i kultur\u0119, co znajduje odzwierciedlenie w liczbie znanych postaci zwi\u0105zanych z tym miastem.<\/p>\n","protected":false},"excerpt":{"rendered":"<p>\ud83c\udfad Kultura i sztuka Olga Tokarczuk \u2013 laureatka Nagrody Nobla w dziedzinie literatury (2018), autorka takich dzie\u0142 jak &#8222;Dom dzienny,<\/p>\n","protected":false},"author":4,"featured_media":0,"parent":0,"menu_order":9,"comment_status":"open","ping_status":"closed","template":"","meta":{"om_disable_all_campaigns":false,"_monsterinsights_skip_tracking":false,"_monsterinsights_sitenote_active":false,"_monsterinsights_sitenote_note":"","_monsterinsights_sitenote_category":0,"_uf_show_specific_survey":0,"_uf_disable_surveys":false,"footnotes":""},"aioseo_notices":[],"amp_enabled":true,"_links":{"self":[{"href":"https:\/\/www.noworudzianin.pl\/WWW\/wp-json\/wp\/v2\/pages\/28542"}],"collection":[{"href":"https:\/\/www.noworudzianin.pl\/WWW\/wp-json\/wp\/v2\/pages"}],"about":[{"href":"https:\/\/www.noworudzianin.pl\/WWW\/wp-json\/wp\/v2\/types\/page"}],"author":[{"embeddable":true,"href":"https:\/\/www.noworudzianin.pl\/WWW\/wp-json\/wp\/v2\/users\/4"}],"replies":[{"embeddable":true,"href":"https:\/\/www.noworudzianin.pl\/WWW\/wp-json\/wp\/v2\/comments?post=28542"}],"version-history":[{"count":4,"href":"https:\/\/www.noworudzianin.pl\/WWW\/wp-json\/wp\/v2\/pages\/28542\/revisions"}],"predecessor-version":[{"id":28546,"href":"https:\/\/www.noworudzianin.pl\/WWW\/wp-json\/wp\/v2\/pages\/28542\/revisions\/28546"}],"wp:attachment":[{"href":"https:\/\/www.noworudzianin.pl\/WWW\/wp-json\/wp\/v2\/media?parent=28542"}],"curies":[{"name":"wp","href":"https:\/\/api.w.org\/{rel}","templated":true}]}}

<p>🎭 Kultura i sztuka<br />
<strong>Olga Tokarczuk</strong> – laureatka Nagrody Nobla w dziedzinie literatury (2018), autorka takich dzieł jak &#8222;Dom dzienny, dom nocny&#8221;, która częściowo osadzona jest w realiach Nowej Rudy.</p>
<p><strong>Edyta Geppert</strong> – wybitna piosenkarka, urodzona w Nowej Rudzie w 1953 roku. Zanim rozpoczęła naukę w Państwowej Średniej Szkole Muzycznej im. F. Chopina w Warszawie, przez kilka lat występowała w Zespole Pieśni i Tańca „Nowa Ruda”. Jest jedyną polską artystką, która czterokrotnie zdobyła Grand Prix na Festiwalu Polskiej Piosenki w Opolu. </p>
<p><strong>Robert Więckiewicz</strong> – ceniony aktor filmowy i teatralny, znany z ról w takich filmach jak &#8222;W ciemności&#8221; czy &#8222;Pod Mocnym Aniołem&#8221;.</p>
<p><strong>Krzysztof Tyniec</strong> – aktor teatralny i filmowy, znany również jako prezenter telewizyjny.<br />
Business Insider Polska</p>
<p><strong>Zbigniew Leraczyk</strong> – aktor teatralny i filmowy, urodzony w Nowej Rudzie.<br />
um.nowaruda.pl</p>
<p><strong>Jaga Hupało</strong> – znana stylistka fryzur, urodzona w Nowej Rudzie.</p>
<p>🏅 Sport<br />
<strong>Dorota Nowak-Idzi</strong> – mistrzyni świata w pięcioboju nowoczesnym, reprezentantka Polski na igrzyskach olimpijskich.</p>
<p><strong>Bartłomiej Tabin</strong> – zajął drugie miejsce w Rajdzie Dakar, reprezentując Nową Rudę w międzynarodowych zawodach sportowych. </p>
<p>🖋️ Nauka i literatura<br />
<strong>Joseph Wittig</strong> – niemiecki teolog i pisarz, urodzony w Nowej Rudzie.<br />
noworudzianin.pl</p>
<p><strong>Franz Eckert</strong> – kompozytor, autor hymnów narodowych Japonii i Korei, urodzony w Nowej Rudzie.</p>
<p><strong>Karol Maliszewski</strong> – poeta, prozaik, krytyk literacki, związany z Nową Rudą.</p>
<p><strong>Marek Cybulski</strong> – badacz lokalnej historii, autor książek o tajemnicach i historii Nowej Rudy. </p>
<p>🏛️ Polityka i społeczeństwo<br />
<strong>Monika Wielichowska</strong> – posłanka na Sejm RP, wicemarszałek sejmu RP, reprezentująca region Nowej Rudy.</p>
<p>Nowa Ruda, mimo swojego niewielkiego rozmiaru, ma bogatą historię i kulturę, co znajduje odzwierciedlenie w liczbie znanych postaci związanych z tym miastem.</p>

<p>🎭 Kultura i sztuka Olga Tokarczuk – laureatka Nagrody Nobla w dziedzinie literatury (2018), autorka takich dzieł jak &#8222;Dom dzienny,</p>
