{"id":6532,"date":"2018-01-15T13:44:55","date_gmt":"2018-01-15T12:44:55","guid":{"rendered":"https:\/\/www.noworudzianin.pl\/WWW\/?page_id=6532"},"modified":"2019-03-27T12:08:39","modified_gmt":"2019-03-27T11:08:39","slug":"taxi-nowa-ruda","status":"publish","type":"page","link":"https:\/\/www.noworudzianin.pl\/WWW\/informator\/taxi-nowa-ruda\/","title":{"rendered":"TAXI NOWA RUDA"},"content":{"rendered":"<p><a href=\"https:\/\/www.noworudzianin.pl\/WWW\/wp-content\/uploads\/2018\/01\/2.jpg\"><img loading=\"lazy\" decoding=\"async\" src=\"https:\/\/www.noworudzianin.pl\/WWW\/wp-content\/uploads\/2018\/01\/2-630x420.jpg\" alt=\"\" width=\"630\" height=\"420\" class=\"alignnone size-large wp-image-6576\" srcset=\"https:\/\/www.noworudzianin.pl\/WWW\/wp-content\/uploads\/2018\/01\/2-630x420.jpg 630w, https:\/\/www.noworudzianin.pl\/WWW\/wp-content\/uploads\/2018\/01\/2-300x200.jpg 300w, https:\/\/www.noworudzianin.pl\/WWW\/wp-content\/uploads\/2018\/01\/2-768x512.jpg 768w, https:\/\/www.noworudzianin.pl\/WWW\/wp-content\/uploads\/2018\/01\/2.jpg 1920w\" sizes=\"(max-width: 630px) 100vw, 630px\" \/><\/a><\/p>\n<p><strong>TAXI \u2013 Nowa Ruda <\/strong><br \/>\nJanusz \u015awichura (BMW 3), tel. 696 459 798<br \/>\nArkadiusz My\u015bli\u0144ski (Opel Astra), tel. 604 228 585<br \/>\nAndrzej \u0141uszczy\u0144ski (7-os. Chrysler), tel. 604 475 894<br \/>\nZbigniew Pawlik (Skoda Octavia), tel. 606 309 062<br \/>\nSzczepan W\u0105sik (Audi 80), tel. 607 856 682<br \/>\nAndrzej W\u00f3jtowicz (Audi 80), tel. 513 170 478<br \/>\nMariusz Wojtanowicz (Audi Q7, 7-os.), tel. 609 227 221<br \/>\nRobert Wojtanowicz (Mercedes Klasa E), tel. 609 687 975 <\/p>\n<p><strong>TAXI \u2013 Radk\u00f3w <\/strong><br \/>\nTomasz Pawlata (Audi A4), tel. 502 999 001<\/p>\n<p><strong>TAXI \u2013 Nowa Ruda-S\u0142upiec<\/strong><br \/>\nMarian Koco\u0144 (VW Sharan, 7-osobowy), tel. 512 033 310<br \/>\nHenryk Modzelewski (VW Passat B5FL), tel. 606 728 687<br \/>\nKazimierz Ambro\u017cuk (Mercedes Klasa E), tel. 609 152 629<br \/>\nTomasz Nagadowski (Renault, 7-os.), tel. 601 172 936<br \/>\nZdzis\u0142aw Twar\u00f3g (Ford Focus Kombi), tel. 501 365 669<br \/>\nHenryk Golanowski (Ford Focus), tel. 692 331 806<br \/>\nJerzy S\u0142aby (VW Sharan, 7-osobowy), tel. 668 716 229<br \/>\nJerzy Ju\u015bkiw (Opel Zafira, 7-osobow), tel. 660 530 152<br \/>\nRobert Sie\u0144kowski (Opel Astra), tel. 606 421 609<br \/>\nIreneusz Czarnowski (Audi A4), tel. 515 179 693<br \/>\nRyszard Nowak (Seat Alhambra \u2013 VAN), tel. 663 712 883<br \/>\nMarian Wezner (Audi A4), tel. 601 472 774<br \/>\nRobert Ja\u015bkiewicz (VW Passat), tel. 733 525 536 <\/p>\n","protected":false},"excerpt":{"rendered":"<p>TAXI \u2013 Nowa Ruda Janusz \u015awichura (BMW 3), tel. 696 459 798 Arkadiusz My\u015bli\u0144ski (Opel Astra), tel. 604 228 585<\/p>\n","protected":false},"author":4,"featured_media":0,"parent":6524,"menu_order":3,"comment_status":"closed","ping_status":"closed","template":"","meta":{"om_disable_all_campaigns":false,"_monsterinsights_skip_tracking":false,"_monsterinsights_sitenote_active":false,"_monsterinsights_sitenote_note":"","_monsterinsights_sitenote_category":0,"_uf_show_specific_survey":0,"_uf_disable_surveys":false,"footnotes":""},"aioseo_notices":[],"amp_enabled":true,"_links":{"self":[{"href":"https:\/\/www.noworudzianin.pl\/WWW\/wp-json\/wp\/v2\/pages\/6532"}],"collection":[{"href":"https:\/\/www.noworudzianin.pl\/WWW\/wp-json\/wp\/v2\/pages"}],"about":[{"href":"https:\/\/www.noworudzianin.pl\/WWW\/wp-json\/wp\/v2\/types\/page"}],"author":[{"embeddable":true,"href":"https:\/\/www.noworudzianin.pl\/WWW\/wp-json\/wp\/v2\/users\/4"}],"replies":[{"embeddable":true,"href":"https:\/\/www.noworudzianin.pl\/WWW\/wp-json\/wp\/v2\/comments?post=6532"}],"version-history":[{"count":7,"href":"https:\/\/www.noworudzianin.pl\/WWW\/wp-json\/wp\/v2\/pages\/6532\/revisions"}],"predecessor-version":[{"id":13334,"href":"https:\/\/www.noworudzianin.pl\/WWW\/wp-json\/wp\/v2\/pages\/6532\/revisions\/13334"}],"up":[{"embeddable":true,"href":"https:\/\/www.noworudzianin.pl\/WWW\/wp-json\/wp\/v2\/pages\/6524"}],"wp:attachment":[{"href":"https:\/\/www.noworudzianin.pl\/WWW\/wp-json\/wp\/v2\/media?parent=6532"}],"curies":[{"name":"wp","href":"https:\/\/api.w.org\/{rel}","templated":true}]}}

<p><a href="https://www.noworudzianin.pl/WWW/wp-content/uploads/2018/01/2.jpg"><img loading="lazy" decoding="async" src="https://www.noworudzianin.pl/WWW/wp-content/uploads/2018/01/2-630x420.jpg" alt="" width="630" height="420" class="alignnone size-large wp-image-6576" srcset="https://www.noworudzianin.pl/WWW/wp-content/uploads/2018/01/2-630x420.jpg 630w, https://www.noworudzianin.pl/WWW/wp-content/uploads/2018/01/2-300x200.jpg 300w, https://www.noworudzianin.pl/WWW/wp-content/uploads/2018/01/2-768x512.jpg 768w, https://www.noworudzianin.pl/WWW/wp-content/uploads/2018/01/2.jpg 1920w" sizes="(max-width: 630px) 100vw, 630px" /></a></p>
<p><strong>TAXI – Nowa Ruda </strong><br />
Janusz Świchura (BMW 3), tel. 696 459 798<br />
Arkadiusz Myśliński (Opel Astra), tel. 604 228 585<br />
Andrzej Łuszczyński (7-os. Chrysler), tel. 604 475 894<br />
Zbigniew Pawlik (Skoda Octavia), tel. 606 309 062<br />
Szczepan Wąsik (Audi 80), tel. 607 856 682<br />
Andrzej Wójtowicz (Audi 80), tel. 513 170 478<br />
Mariusz Wojtanowicz (Audi Q7, 7-os.), tel. 609 227 221<br />
Robert Wojtanowicz (Mercedes Klasa E), tel. 609 687 975 </p>
<p><strong>TAXI – Radków </strong><br />
Tomasz Pawlata (Audi A4), tel. 502 999 001</p>
<p><strong>TAXI – Nowa Ruda-Słupiec</strong><br />
Marian Kocoń (VW Sharan, 7-osobowy), tel. 512 033 310<br />
Henryk Modzelewski (VW Passat B5FL), tel. 606 728 687<br />
Kazimierz Ambrożuk (Mercedes Klasa E), tel. 609 152 629<br />
Tomasz Nagadowski (Renault, 7-os.), tel. 601 172 936<br />
Zdzisław Twaróg (Ford Focus Kombi), tel. 501 365 669<br />
Henryk Golanowski (Ford Focus), tel. 692 331 806<br />
Jerzy Słaby (VW Sharan, 7-osobowy), tel. 668 716 229<br />
Jerzy Juśkiw (Opel Zafira, 7-osobow), tel. 660 530 152<br />
Robert Sieńkowski (Opel Astra), tel. 606 421 609<br />
Ireneusz Czarnowski (Audi A4), tel. 515 179 693<br />
Ryszard Nowak (Seat Alhambra – VAN), tel. 663 712 883<br />
Marian Wezner (Audi A4), tel. 601 472 774<br />
Robert Jaśkiewicz (VW Passat), tel. 733 525 536 </p>

<p>TAXI – Nowa Ruda Janusz Świchura (BMW 3), tel. 696 459 798 Arkadiusz Myśliński (Opel Astra), tel. 604 228 585</p>
