{"id":7150,"date":"2018-02-23T11:38:02","date_gmt":"2018-02-23T10:38:02","guid":{"rendered":"https:\/\/www.noworudzianin.pl\/WWW\/?page_id=7150"},"modified":"2018-02-23T11:38:02","modified_gmt":"2018-02-23T10:38:02","slug":"szybki-koniec-mocarstwa-piastow","status":"publish","type":"page","link":"https:\/\/www.noworudzianin.pl\/WWW\/felieton\/stanislaw-lukasik\/szybki-koniec-mocarstwa-piastow\/","title":{"rendered":"Szybki koniec mocarstwa Piast\u00f3w"},"content":{"rendered":"<p>Sielanka w stosunkach Polski pierwszych Piast\u00f3w ze \u015awi\u0119tym Cesarstwem Rzymskim Narodu Niemieckiego (taka by\u0142a oficjalna nazwa pa\u0144stwa niemieckiego, a jego w\u0142adcy koronowali si\u0119 na kr\u00f3la Niemiec w Akwizgranie, na kr\u00f3la W\u0142och w Mediolanie i na cesarza w Rzymie) nie trwa\u0142a d\u0142ugo. Po \u015bmierci Ottona III, kr\u00f3lem Niemiec \u2013 i w kilka lat p\u00f3\u017aniej cesarzem \u2013 zosta\u0142 Henryk, ksi\u0105\u017c\u0119 Bawarii. Ten ani my\u015bla\u0142 traktowa\u0107 Boles\u0142awa jako \u201ebrata i wsp\u00f3\u0142pracownika\u201d, ani te\u017c rezygnowa\u0107 z trybutu, jaki Polska p\u0142aci\u0142a cesarzowi od czas\u00f3w Mieszka I. Poniewa\u017c w tamtych czasach najcz\u0119\u015bciej rozstrzygano spory przy pomocy or\u0119\u017ca, przeto Boles\u0142aw, korzystaj\u0105c z zamieszek, jakie mia\u0142y miejsce w Niemczech po \u015bmierci Ottona III, rozpocz\u0105\u0142 wojn\u0119 prewencyjn\u0105, zagarniaj\u0105c s\u0142owia\u0144skie, ale podleg\u0142e kr\u00f3lestwu niemieckiemu marchie, \u0141u\u017cyce, Mi\u015bni\u0119 i Milsko. Nast\u0119pnym krokiem by\u0142a interwencja w Czechach, gdzie wmiesza\u0142 si\u0119 do walki o tron i w konsekwencji przez 18 miesi\u0119cy zasiada\u0142 na praskim tronie. Na odpowied\u017a niemieck\u0105 nie trzeba by\u0142o zbyt d\u0142ugo czeka\u0107. Nast\u0119pstwem tej aktywno\u015bci Chrobrego by\u0142y wojny z Niemcami wspomaganymi przez Czechy, Ru\u015b i poga\u0144skich Wielet\u00f3w. Zbrojna wyprawa na chrze\u015bcija\u0144sk\u0105 Polsk\u0119 w sojuszu z poganami nie przeszkodzi\u0142a w procesie kanonizacyjnym Henryka II i 40 lat p\u00f3\u017aniej zosta\u0142 og\u0142oszony \u015bwi\u0119tym. Z wojen tych Boles\u0142aw wyszed\u0142 ob\u00adronn\u0105 r\u0119k\u0105. Utrzyma\u0142 Milsko i \u0141u\u017cyce, a tak\u017ce Morawy i S\u0142owacj\u0119. Po zawarciu pokoju z Niemcami ruszy\u0142 na Ru\u015b, korzystaj\u0105c z niemieckiej pomocy zbrojnej, gdzie pono\u0107 wyszczerbi\u0142 miecz na z\u0142otej bramie w Kijowie, a na pewno osadzi\u0142 na kijowskim tronie swojego zi\u0119cia i odzyska\u0142 Grody Czerwie\u0144skie. Ten przypadek \u015bwiadczy, i\u017c nie ma wiecznych wrog\u00f3w, ani wiecznych sojusznik\u00f3w. W po\u0142owie 1025 roku Boles\u0142aw uzyska\u0142 zgod\u0119 papie\u017ca na koronacj\u0119, co niew\u0105tpliwie podnosi\u0142o presti\u017c pa\u0144stwa, po\u015bwiadcza\u0142o pe\u0142n\u0105 niezale\u017cno\u015b\u0107. Pa\u0144stwo Chrobrego zas\u0142ugiwa\u0142o na miano mocarstwa. W\u0142adca, kt\u00f3ry zas\u0142u\u017cy\u0142 na miano \u201ebrata i wsp\u00f3\u0142pracownika\u201d cesarza, zmierza\u0142 do zbudowania wielkiego pa\u0144stwa zachodnios\u0142owia\u0144skiego zas\u0142u\u017cy\u0142 na tytu\u0142 \u2013 Wielki.<br \/>\nPrzed nieszcz\u0119\u015bciami jakie zwali\u0142y si\u0119 na Polsk\u0119 po \u015bmierci Chrobrego mog\u0142a nas uratowa\u0107 tylko m\u0105dra polityka wsparta si\u0142\u0105 or\u0119\u017ca, a tego niestety zabrak\u0142o. Tron przej\u0105\u0142 m\u0142odszy z syn\u00f3w kr\u00f3lewskich, Mieszko II, co sta\u0142o si\u0119 jedn\u0105 z przyczyn owych nieszcz\u0119\u015b\u0107. W pocz\u0105tkowym okresie panowania w\u0142\u0105czy\u0142 si\u0119 do wielkiej polityki europejskiej, zwi\u0105za\u0142 si\u0119 z opozycj\u0105 niemieck\u0105 w stosunku do cesarza Konrada II, dwukrotnie wyprawiaj\u0105c si\u0119 do Saksonii. Nie na wiele to pomog\u0142o. Najstarszym synem Chrobrego by\u0142 Bezprym, ale nast\u0119pc\u0105 tronu kr\u00f3l uczyni\u0142 m\u0142odszego z syn\u00f3w \u2013 starszy wyl\u0105dowa\u0142 w klasztorze. Czechy, Ru\u015b Kijowska i cesarstwo zacz\u0119li wystawia\u0107 rachunki za aktywn\u0105 polityk\u0119 Boles\u0142awa i znale\u017ali znakomity pretekst w popieraniu praw dziedzicznych Bezpryma, kt\u00f3remu \u017cywot mnicha nie bardzo odpowiada\u0142. W 1031 roku dosz\u0142o do dwustronnego ataku na Polsk\u0119, a w\u0142adz\u0119 przej\u0105\u0142 Bezprym, kt\u00f3ry dla przypodobania si\u0119 cesarzowi, odes\u0142a\u0142 insygnia kr\u00f3lewskie. I tak oto w sze\u015b\u0107 lat po \u015bmierci pierwszego kr\u00f3la Polski, jego dzie\u0142o leg\u0142o w gruzach. Bezprym zosta\u0142 zamordowany, Mieszko r\u00f3wnie\u017c, a jego syn i nast\u0119pca, Kazimierz musia\u0142 szuka\u0107 schronienia w cesarstwie. Niemcy odebra\u0142y Milsko i \u0141u\u017cyce, Ru\u015b Grody Czerwie\u0144skie. Pomorze r\u00f3wnie\u017c oderwa\u0142o si\u0119 od Polski. Najwi\u0119kszych zniszcze\u0144 dokonali Czesi pod wodz\u0105 Brzetys\u0142awa I w roku 1039, niszcz\u0105c Gniezno, Pozna\u0144, Giecz i wiele innych miejscowo\u015bci. Odzyskali Morawy i \u015al\u0105sk, za\u015b S\u0142owacja na d\u0142ugie wieki (do 1918) przypad\u0142a W\u0119grom. To podczas tej wyprawy zniszczyli katedr\u0119 gnie\u017anie\u0144sk\u0105 i zabrali relikwie \u015bw. Wojciecha. Praktycznie nast\u0105pi\u0142 ca\u0142kowity rozpad pa\u0144stwa, nie by\u0142o \u017cadnej w\u0142adzy centralnej.<br \/>\nO pi\u0119cioleciu, po \u015bmierci drugiego kr\u00f3la Polski, kroniki milcz\u0105. Pa\u0144stwo odbudowa\u0142 syn Mieszka II \u2013 Kazimierz, zwany Odnowicielem, przy pomocy cesarza i Rusi Kijowskiej. Na mocarstwowo\u015b\u0107 trzeba by\u0142o d\u0142ugo, d\u0142ugo czeka\u0107.<\/p>\n<p><em><br \/>\n<a href=\"http:\/\/www.noworudzianin.pl\/WWW\/wp-content\/uploads\/2017\/02\/Stanis\u0142aw-\u0141ukasik-150x150.jpg\"><img loading=\"lazy\" decoding=\"async\" class=\"alignnone wp-image-2392 size-thumbnail\" src=\"http:\/\/www.noworudzianin.pl\/WWW\/wp-content\/uploads\/2017\/02\/Stanis\u0142aw-\u0141ukasik-150x150.jpg\" width=\"150\" height=\"150\" \/><\/a>Stanis\u0142aw \u0141ukasik<\/em><\/p>\n","protected":false},"excerpt":{"rendered":"<p>Sielanka w stosunkach Polski pierwszych Piast\u00f3w ze \u015awi\u0119tym Cesarstwem Rzymskim Narodu Niemieckiego (taka by\u0142a oficjalna nazwa pa\u0144stwa niemieckiego, a jego<\/p>\n","protected":false},"author":4,"featured_media":0,"parent":5309,"menu_order":0,"comment_status":"closed","ping_status":"closed","template":"","meta":{"om_disable_all_campaigns":false,"_monsterinsights_skip_tracking":false,"_monsterinsights_sitenote_active":false,"_monsterinsights_sitenote_note":"","_monsterinsights_sitenote_category":0,"_uf_show_specific_survey":0,"_uf_disable_surveys":false,"footnotes":""},"aioseo_notices":[],"amp_enabled":true,"_links":{"self":[{"href":"https:\/\/www.noworudzianin.pl\/WWW\/wp-json\/wp\/v2\/pages\/7150"}],"collection":[{"href":"https:\/\/www.noworudzianin.pl\/WWW\/wp-json\/wp\/v2\/pages"}],"about":[{"href":"https:\/\/www.noworudzianin.pl\/WWW\/wp-json\/wp\/v2\/types\/page"}],"author":[{"embeddable":true,"href":"https:\/\/www.noworudzianin.pl\/WWW\/wp-json\/wp\/v2\/users\/4"}],"replies":[{"embeddable":true,"href":"https:\/\/www.noworudzianin.pl\/WWW\/wp-json\/wp\/v2\/comments?post=7150"}],"version-history":[{"count":1,"href":"https:\/\/www.noworudzianin.pl\/WWW\/wp-json\/wp\/v2\/pages\/7150\/revisions"}],"predecessor-version":[{"id":7152,"href":"https:\/\/www.noworudzianin.pl\/WWW\/wp-json\/wp\/v2\/pages\/7150\/revisions\/7152"}],"up":[{"embeddable":true,"href":"https:\/\/www.noworudzianin.pl\/WWW\/wp-json\/wp\/v2\/pages\/5309"}],"wp:attachment":[{"href":"https:\/\/www.noworudzianin.pl\/WWW\/wp-json\/wp\/v2\/media?parent=7150"}],"curies":[{"name":"wp","href":"https:\/\/api.w.org\/{rel}","templated":true}]}}