{"id":72,"date":"2016-08-11T20:26:29","date_gmt":"2016-08-11T18:26:29","guid":{"rendered":"http:\/\/www.noworudzianin.pl\/WWW\/?page_id=72"},"modified":"2024-12-12T18:56:31","modified_gmt":"2024-12-12T17:56:31","slug":"ogloszenia-czytelnikow","status":"publish","type":"page","link":"https:\/\/www.noworudzianin.pl\/WWW\/ogloszenia-czytelnikow\/","title":{"rendered":"OG\u0141OSZENIA"},"content":{"rendered":"<p style=\"text-align: center;\"><strong>Publikujemy TYLKO og\u0142oszenia prywatne.<\/strong><\/p>\n<p>Zastrzegamy sobie prawo do niepublikowania og\u0142osze\u0144 niekulturalnych, \u0142ami\u0105cych prawo, towarzyskich oraz komercyjnych.<\/p>\n<p style=\"text-align: center;\">______________________________________________________________________________________________________________________<\/p>\n<h3 style=\"text-align: center;\"><strong><span style=\"color: #0000ff;\">OG\u0141OSZENIA DROBNE ZA DARMO!<\/span><\/strong><\/h3>\n<p><center><\/center>Informujemy, \u017ce og\u0142oszenia drobne (niekomercyjne) mo\u017cna wysy\u0142a\u0107 e-mailem na adres: <a href=\"mailto:redakcja@noworudzianin.pl\" target=\"_blank\" rel=\"noopener noreferrer\">redakcja@noworudzianin.pl<\/a>.<\/p>\n<p>Og\u0142oszenia b\u0119d\u0105 publikowane na portalu <a href=\"http:\/\/www.noworudzianin.pl\" target=\"_blank\" rel=\"noopener noreferrer\">www.noworudzianin.pl<\/a> przez kolejne 4 tygodnie lub do odwo\u0142ania przez og\u0142oszeniodawc\u0119 w przypadku, gdyby og\u0142oszenie przesta\u0142o by\u0107 aktualne.<\/p>\n<p style=\"text-align: center;\">______________________________________________________________________________________________________________________<\/p>\n<p><strong><em>OG\u0141OSZENIA FIRMOWE\/KOMERCYJNE \u2013 prosimy o kontakt e-mailem na adres: <a href=\"mailto:redakcja@noworudzianin.pl\" target=\"_blank\" rel=\"noopener noreferrer\">redakcja@noworudzianin.pl<\/a>.<\/em><\/strong><\/p>\n<p style=\"text-align: center;\">______________________________________________________________________________________________________________________<\/p>\n<p><strong>NIERUCHOMO\u015aCI<\/strong><\/p>\n<p><strong>* Sprzedam lokal u\u017cytkowy o pow. 59,90 m2 + weranda o pow. 5,80 m2 na pierwszym pi\u0119trze budynku mieszkalno-us\u0142ugowego w noworudzkim rynku (dwa pomieszczenia, w\u0119ze\u0142 sanitarny, zaplecze). Ogrzewanie gazowe, okna plastikowe, instalacja alarmowa, monitoring, o\u015bwietlenie LED. Istnieje mo\u017cliwo\u015b\u0107 adaptacji na mieszkanie. Cena 178350 z\u0142 (cena brutto, wystawiam faktur\u0119 VAT 23%). Tel. 501 361 623.<\/p>\n<p>* (02.03.24) Sprzedam dzia\u0142k\u0119 (ROD) w Nowej Rudzie powy\u017cej os. Piastowskiego. Na dzia\u0142ce: nowa, du\u017ca drewniana altana (3&#215;3 m) z du\u017cym tarasem (3&#215;3 m) oraz schowkiem (1,5&#215;3 m), murowany kominek, hu\u015btawka, \u0142awka, woda, pr\u0105d. Dzia\u0142ka ogrodzona. Cena 18,5 tys. do ma\u0142ej negocjacji. Tel. 501 361 623.<\/strong><\/p>\n<p>* (24.05.24) Wynajm\u0119 p\u00f3\u0142 domku w Jugowie. Spokojna i u\u017cyteczna lokalizacja. W pobli\u017cu znajduje si\u0119 sklep oraz przystanek autobusowy. Lokal sk\u0142ada si\u0119 z dw\u00f3ch pokoi, kuchni i \u0142azienki. Wyposa\u017cony jest w centralne ogrzewanie bezobs\u0142ugowe i kominek. Do dyspozycji jest r\u00f3wnie\u017c ogr\u00f3d oraz parking. Dost\u0119pne od zaraz. Tylko na d\u0142u\u017cszy okres. Preferowane osoby niepal\u0105ce z kultur\u0105 osobist\u0105. Czynsz 1550 PLN + media + depozyt. Cena do negocjacji przy d\u0142u\u017cszej umowie. Prosz\u0119 dzwoni\u0107 po 18:00. Kontakt tel. 785 652 382 lub 74 872 4103.<br \/>\n* (09.06.23) Zamieni\u0119 mieszkanie komunalne w Nowej Rudzie Drogos\u0142awiu 67 m\u00b2 na mniejsze. Posiadam 3 pokoje, kuchni\u0119, \u0142azienk\u0119. Na podw\u00f3rku jest miejsce na auto. Do mieszkania przynale\u017cy strych piwnica i kom\u00f3rka. Mieszkanie jest ogrzewanie piecami kaflowymi. Zainteresowanych prosz\u0119 o smsa ze wzgl\u0119du na prac\u0119 na r\u00f3\u017cne zmiany. Zawsze odpisze a w wolnej chwili oddzwonie. Tel. 530 678 013.<br \/>\n* (06.02.23) Poszukuj\u0119 mieszkania na wynajem w Nowej Rudzie lub Drogos\u0142awiu. 2 spokojne osoby bez na\u0142og\u00f3w + kot. Bior\u0119 pod uwag\u0119 kawalerk\u0119 i mieszkania dwupokojowe. Nr. tel. 731987287.<br \/>\n* (03.11.22) Sprzedam ogr\u00f3dek rekreacyjny w S\u0142upcu. Okazja. Cena 4500. Kontakt SMS. 693 985 108.<br \/>\n* (07.04.22) Mam do wynaj\u0119cia mieszkanie 2 pokojowe o pow. 43 m.kw. po\u0142o\u017cone Nowa Ruda osiedle XXX-lecia. Bardzo dobra lokalizacja, drugie pi\u0119tro. Mieszkanie cz\u0119\u015bciowo umeblowane. W mieszkaniu jest pralka, lod\u00f3wka i telewizor. Op\u0142aty to czynsz najmu 1000 z\u0142, kaucja jednorazowa 2000 z\u0142, oraz op\u0142aty pozosta\u0142e ok.600 z\u0142 (na podstawie odczytu licznik\u00f3w). Tel. kont. 506191848<br \/>\n* (24.03.22) Wynajm\u0119 mieszkanie w centrum Nowa Ruda-Rynek, 50 m kwadratowych, po remoncie, cena 1650 PLN. Ch\u0119tnie poka\u017c\u0119 mieszkanie zainteresowanym. Kontakt tel. 510 720 180.<br \/>\n* (28.02.22) Szukam mieszkania 2 osobowego, do 1500 z\u0142 z op\u0142atami. Umowa min. na rok. 571867416<br \/>\n* (14.02.22) Zamieni\u0119 mieszkanie kwaterunkowe 62 m 2 z ogrzewaniem gazowym. Mieszkanie znajduje si\u0119 na 1 pi\u0119trze. S\u0105 3 pokoje, kuchnia, \u0142azienka z WC, schowek i 2 przedpokoje.\u00a0 Zamieni\u0119 na mniejsze w S\u0142upcu. Kontakt telefoniczny 500581077<br \/>\n* (3.01.22) Wynajm\u0119 mieszkanie w Rynku 100 m kw. 3 pokoje, kuchnia, niski czynsz. Kontakt pod numerem 510 720 180.<\/p>\n<p><strong>R\u00d3\u017bNE<\/strong><br \/>\n* (12.12.24) Podejm\u0119 si\u0119 umycia okien przed \u015bwi\u0119tami i nie tylko (po nowym roku) na terenie miasta (tak\u017ce S\u0142upiec). Tel. 665 705 914 po godz. 16.<br \/>\n* (18.05.24) Kupi\u0119 stare wojskowe odznaki, odznaczenia, medale, ordery, szable, bagnety, kordziki, mundury polskie, niemieckie, rosyjskie i inne, wojskowe oraz cywilne, orze\u0142ki z nakry\u0107 g\u0142owy, za\u015bwiadczenia i legitymacje zwi\u0105zane z nadaniem odznacze\u0144, zdj\u0119cia o tematyce wojskowej, przedwojenne poczt\u00f3wki elementy umundurowania i wyposa\u017cenia wojskowego oraz r\u00f3\u017cne ANTYKI za ciekawe najlepiej zap\u0142ac\u0119. Tel. 694 972 047.<br \/>\n* (10.05.24) Sprzedam stabilny stolik pod telewizor (na k\u00f3\u0142kach) z obrotowym blatem oraz szafk\u0105 (drzwiczki szklane), cena 100 z\u0142,  tel. 692 697 225.<br \/>\n* (02.03.24) Sprzedam zadban\u0105 dzia\u0142k\u0119 rekreacyjn\u0105 w Nowej Rudzie powy\u017cej os. Piastowskiego. Na dzia\u0142ce: nowa, du\u017ca drewniana altana (3&#215;3 m) z du\u017cym tarasem (3&#215;3 m) oraz schowkiem (1,5&#215;3 m), murowany kominek, hu\u015btawka, \u0142awka, woda, pr\u0105d. Dzia\u0142ka ogrodzona. Cena 18,5 tys. do ma\u0142ej negocjacji. Tel. 501 361 623.<br \/>\n* (02.03.24) Szukam osoby uczciwej i be\u017c na\u0142og\u00f3w kt\u00f3ra mog\u0142a by zaopiekowa\u0107 si\u0119 i zamieszka\u0107 z sympatyczn\u0105 starsza Pani\u0105 za wikt i wynagrodzenie. Kontakt 721 333 297.<br \/>\n* (12.01.24)\u00a0Kierowca kat. B.C. szuka pracy na 1\/8 etatu lub dorywczej na terenie Nowej Rudy. Dyspozycyjno\u015b\u0107 wyjazd\u00f3w do 3 dni. tel. 607 790 433.<br \/>\n* (28.11.23)\u00a0Sprzedam st\u00f3\u0142 i 6 krzese\u0142 (u\u017cywane, stan dobry) + szafka. Cena 500 z\u0142. Tel. 661 396 025.<br \/>\n* (13.06.23) Zbieram wyposa\u017cenie starych sklep\u00f3w mi\u0119snych oraz masarni &#8211; krajalnice do w\u0119dlin z ko\u0142em obrotowym, wagi, kasy fiskalne oraz inne pami\u0105tki. Stan nie ma znaczenia, r\u00f3wnie\u017c zepsute, z\u0142om. P\u0142ac\u0119 got\u00f3wk\u0105, odbieram osobi\u015bcie. Kontakt 576 948 827.<br \/>\n* (16.01.23) Sprzedam Krzes\u0142o ludwikowskie stare, Stan bardzo dobry, 350 z\u0142, tel. 533214162.<br \/>\n* (16.01.23) Sprzedam LEKSYKON PRZYRODNICZY \u015awiat ksi\u0105\u017cek 14 sztuk w zestawie, 130 z\u0142, tel. 533214162.<br \/>\n* (16.01.23) Sprzedam Jasna Kanapa naro\u017cna rog\u00f3wka + fortel stan idealny, 1300 z\u0142, tel. 533214162.<br \/>\n* (16.01.23) Sprzedam Du\u017ca ci\u0119\u017cka Skrzynia drewniana, 86,5 x 54, wys. z n\u00f3\u017ckami 54 cm (56cm najwy\u017cszy punkt) 500 z\u0142, tel. 533214162.<br \/>\n* (16.01.23) Sprzedam Philips Compact Care GC6510 \u017celazko z generatorem 150 z\u0142, tel. 533214162.<br \/>\n* (16.01.23) Sprzedam Magnetofon szpulowy HGS TB 2408, 300 z\u0142, tel. 533214162.<br \/>\n* (16.01.23) Sprzedam Stara maszyna do pisania OLYMPIA MONICA, 350 z\u0142, tel. 533214162.<br \/>\n* (16.01.23) Sprzedam Stare kryszta\u0142y z PRL lata 70+80 te kolekcja, 300 z\u0142, tel. 533214162.<br \/>\n* (16.01.23) Sprzedam voigtlander vito cd aparat analogowy, 180 z\u0142, tel. 533214162.<br \/>\n* (16.01.23) Sprzedam Przeno\u015bna Toaletka dla os\u00f3b niepe\u0142nosprawnych nowa, 120 z\u0142, tel. 533214162.<br \/>\n* (16.01.23) Sprzedam Magnetofon Sony tc wr-570 Stereo Hi-Fi, 400 z\u0142, tel. 533214162.<br \/>\n* (16.01.23) Sprzedam Maszyna do szycia PFAFF 1051, 800 z\u0142, tel. 533214162.<br \/>\n* (16.01.23) Sprzedam Wie\u017ca universum vtc 4631 + kolumny sony, Stan Bardzo dobry 400 z\u0142, tel. 533214162.<br \/>\n* (16.01.23) Sprzedam JVC wzmacniacz radio tuner sprz\u0119t A-k 20 t-x 30 L KD-D 20 zestaw, 900 z\u0142, tel. 533214162.<br \/>\n* (16.01.23) Sprzedam G\u0142o\u015bniki kolumny universum vtc 4631, 300 z\u0142, tel. 533214162.<br \/>\n* (16.01.23) Sprzedam John Wayne n\u00f3\u017c western + drewniana gablotka dla kolekcjonera, 600 z\u0142, tel. 533214162.<br \/>\n* (16.01.23) Sprzedam Kominek palenisko ogrodowe \u2013 otwarty ogie\u0144, 300 z\u0142, tel. 533214162.<br \/>\n* (16.01.23) Sprzedam 3x du\u017cy wazon donica ceramiczna w\u0142oska 55 cm, 360 z\u0142 za zestaw, tel. 533214162.<br \/>\n* (16.01.23) Sprzedam Odtwarzacz DVD Tevion 4000, 150 z\u0142, tel. 533214162.<br \/>\n* (16.01.23) Sprzedam Hutschenreuther porcelana Bawaria Germany Kobold\u2013 serwis, 800 z\u0142, tel. 533214162.<br \/>\n* (16.01.23) Sprzedam Pi\u0142ka rehabilitacyjna do \u0107wicze\u0144 fitness, 30 z\u0142, tel. 533214162.<br \/>\n* (16.01.23) Sprzedam 6x Du\u017ce Poduszki na krzes\u0142a ogrodowe + 2 na le\u017cak \u017c\u00f3\u0142te, 300 z\u0142, tel. 533214162.<br \/>\n* (16.01.23) Sprzedam 3x Lampy ogrodowe zestaw, 150 z\u0142, tel. 533214162.<br \/>\n* (08.01.23) Sprzedam u\u017cywan\u0105 wolnostoj\u0105c\u0105 kuchenk\u0119 gazow\u0105 ARDO, cena 150 z\u0142. tel: 887 279 914.<br \/>\n* (17.11.22) Sprzedam nowe ko\u0142paki 16, cena 40 pln, kontakt 603 063 735.<br \/>\n* (11.11.22) Szukam palacza z Drogos\u0142awia okolice krzy\u017c\u00f3wki. Chodzi o palenie w piecu w domu jednorodzinnym. Tel. 889 189 545.<br \/>\n* (23.09.22) Sprzedam szafk\u0119 kuchenn\u0105 w jasnym kolorze z blaszanym zlewozmywakiem jednokomorowym, ociekaczem i bateri\u0105. Stan bdb. Cena 150. Tel: 74 872 4103.<br \/>\n* (03.06.22) Sprzedam u\u017cywane tapczaniki 90 x 190 x 50 cm w dobrym stanie cena 25 z\u0142 Ludwikowice K\u0142odzkie telefon 511345855.<br \/>\n* (13.03.22) Podejm\u0119 si\u0119 opieki nad osob\u0105 starsz\u0105 do 4h dziennie (posprz\u0105tam, zrobi\u0119 zakupy, pomog\u0119 w codziennych obowi\u0105zkach, wyjd\u0119 na spacer z podopiecznym itp). Posiadam 20letnie do\u015bwiadczenie w opiece oraz prawo jazdy. Ela tel. 668936351<br \/>\n* (24.01.22) Sprzedam gara\u017c w Nowej Rudzie, lokalizacja plac przy ul. Pi\u0142sudskiego 25B, telefon kontaktowy 724-125-782.<\/p>\n<p><strong>MOTORYZACJA<\/strong><br \/>\n* Sprzedam opony letnie w b.d. stanie 235\/55\/17 1003W, rok prod. 15.19, cena 150 z\u0142\/szt. Tel. 604 512 140.<br \/>\n* Sprzedam Mazd\u0119 CX7, rok prod. 2012, diesel 2.2, nap\u0119d 4&#215;4, przebieg 92 tys. km, przegl\u0105d II 2022, bezwypadkowa, stan bardzo dobry. Cena 50 tys. z\u0142. Te. 504 240 970.<\/p>\n<p style=\"text-align: center;\">______________________________________________________________________________________________________________________<\/p>\n<p style=\"text-align: center;\">\u00a0<span style=\"color: #0000ff;\"><strong>Chcesz zareklamowa\u0107 swoj\u0105 firm\u0119\/us\u0142ugi na stronie internetowej lub w tygodniku \u201eNoworudzianin\u201d?<\/strong><\/span><\/p>\n<h1 style=\"text-align: center;\">&gt;\u00a0<a href=\"http:\/\/www.noworudzianin.pl\/WWW\/reklama\/\" target=\"_blank\" rel=\"noopener noreferrer\">REKLAMA \u2013 INFORMACJE<\/a>\u00a0&lt;<\/h1>\n<p style=\"text-align: center;\">______________________________________________________________________________________________________________________<\/p>\n","protected":false},"excerpt":{"rendered":"<p>Publikujemy TYLKO og\u0142oszenia prywatne. Zastrzegamy sobie prawo do niepublikowania og\u0142osze\u0144 niekulturalnych, \u0142ami\u0105cych prawo, towarzyskich oraz komercyjnych. ______________________________________________________________________________________________________________________ OG\u0141OSZENIA DROBNE ZA<\/p>\n","protected":false},"author":4,"featured_media":6913,"parent":0,"menu_order":7,"comment_status":"closed","ping_status":"closed","template":"","meta":{"om_disable_all_campaigns":false,"_monsterinsights_skip_tracking":false,"_monsterinsights_sitenote_active":false,"_monsterinsights_sitenote_note":"","_monsterinsights_sitenote_category":0,"_uf_show_specific_survey":0,"_uf_disable_surveys":false,"footnotes":""},"aioseo_notices":[],"amp_enabled":true,"_links":{"self":[{"href":"https:\/\/www.noworudzianin.pl\/WWW\/wp-json\/wp\/v2\/pages\/72"}],"collection":[{"href":"https:\/\/www.noworudzianin.pl\/WWW\/wp-json\/wp\/v2\/pages"}],"about":[{"href":"https:\/\/www.noworudzianin.pl\/WWW\/wp-json\/wp\/v2\/types\/page"}],"author":[{"embeddable":true,"href":"https:\/\/www.noworudzianin.pl\/WWW\/wp-json\/wp\/v2\/users\/4"}],"replies":[{"embeddable":true,"href":"https:\/\/www.noworudzianin.pl\/WWW\/wp-json\/wp\/v2\/comments?post=72"}],"version-history":[{"count":323,"href":"https:\/\/www.noworudzianin.pl\/WWW\/wp-json\/wp\/v2\/pages\/72\/revisions"}],"predecessor-version":[{"id":28285,"href":"https:\/\/www.noworudzianin.pl\/WWW\/wp-json\/wp\/v2\/pages\/72\/revisions\/28285"}],"wp:featuredmedia":[{"embeddable":true,"href":"https:\/\/www.noworudzianin.pl\/WWW\/wp-json\/wp\/v2\/media\/6913"}],"wp:attachment":[{"href":"https:\/\/www.noworudzianin.pl\/WWW\/wp-json\/wp\/v2\/media?parent=72"}],"curies":[{"name":"wp","href":"https:\/\/api.w.org\/{rel}","templated":true}]}}